 0)*(-135)/90. What is the tens digit of 9*3/(t/44)?
6
Let y(x) = -65176*x**3 - 4*x**2 + 9*x + 2. What is the tens digit of y(-1)?
6
Let s = -2641 - -14075. What is the hundreds digit of s?
4
Let t = 3 - 22. What is the hundreds digit of (t/((-285)/1370))/(4/6)?
1
Let l(i) = 2*i - 10. Let w = -10 - -15. Let k be l(w). Suppose -4*a - n + 181 = k, -2*n = -5*a - 7*n + 215. What is the tens digit of a?
4
Let z = 135921 + -92843. What is the units digit of z?
8
Let h(z) = -1402*z - 50. What is the units digit of h(-5)?
0
Let o = 20 + 27. Suppose 11*b - o = 19. What is the hundreds digit of b/9*531/2?
1
Let i(k) = -k**3 + 11*k**2 - 2*k + 26. Let d be i(11). Let z(c) = -2*c**3 - 6*c**2 + c + 2. Let n be z(-3). What is the tens digit of n*47*(-3)/12*d?
4
Let r(q) = q**2 + 22*q - 68. Let m be r(-25). Suppose -4*w + 664 = m*z - 9*z, 3*w + 4*z = 487. What is the units digit of w?
5
Suppose 3*u - 4*h = 102782, 0 = -181*u + 180*u - h + 34242. What is the hundreds digit of u?
2
Let x(s) = -s**3 - s**2 + 4*s - 5. Let i be x(2). What is the units digit of (-251)/((-6)/i*3/(-2))?
1
Let g(v) be the first derivative of v**3/3 - 11*v**2/2 + 227*v + 14. Let b(r) = r - 1. Let k(t) = 6*b(t) + g(t). What is the tens digit of k(0)?
2
Suppose -47*r + 23841 + 359955 + 36619 = 0. What is the units digit of r?
5
Let a be 5/3 - (91/(-21) - -3). Suppose 4*m = 3*r - 114, -r + 0*r + a*m + 38 = 0. What is the units digit of r?
8
Let f = -2061 + 3464. Let h = f - 937. What is the hundreds digit of h?
4
Let z(h) = h**2 - 32*h - 844. What is the thousands digit of z(70)?
1
Suppose -6*b + 2*b - 4*i = -40, -3*b = -3*i - 18. What is the thousands digit of (-348881)/(-329) + b/14?
1
Suppose 4 = -4*y - 0*y + 3*l, 26 = 5*y + 4*l. Suppose 606 = -7*x + 3273. Suppose 0 = -y*u + x + 143. What is the tens digit of u?
6
Let g = 25 - 12. Suppose g*j + 6 = 15*j. Suppose j*i + 3*l = 321, 2*i = 7*i - 2*l - 542. What is the hundreds digit of i?
1
Let v = -882 + 368. Let f be (-5 - -7) + 2 + -1 + v. Let a = -300 - f. What is the units digit of a?
1
Let b(t) = 7295*t**3 + 23*t**2 + 11*t + 7. What is the units digit of b(2)?
1
Let p(v) = -741 - 42*v + 785 + 10*v - 28*v. What is the tens digit of p(-8)?
2
Let x(a) = a - 2. Suppose l - 7 = -4*d + 4*l, 2*l - 6 = 0. Let g be x(d). Suppose j + g*j - 186 = 0. What is the tens digit of j?
6
Suppose f = -5*u + 18734, 51*u = 56*u + 25. What is the tens digit of f?
5
Let j = -6005 + 10186. What is the units digit of j?
1
Let f(s) = -142*s**3 - s**2 - 45*s - 293. What is the tens digit of f(-7)?
7
Suppose -3451 = -5*h + 5*g - 666, -5*h + 3*g = -2793. Suppose 0 = -10*a + 3131 - h. What is the units digit of a?
7
Let h = -24212 + 38229. What is the tens digit of h?
1
Suppose 4*p + 2*p + 96 = 0. Let h(n) = n**2 + 9*n + 31. Let w be h(p). Let q = -58 + w. What is the tens digit of q?
8
Let f(p) = 44*p**2 - 64*p + 8. Let m(s) = 14*s**2 - 21*s + 2. Let n(t) = -5*f(t) + 16*m(t). Suppose -2*a + 6 + 10 = 0. What is the tens digit of n(a)?
2
Suppose 3*h + 267 = 3*q, 9*h - 8*h = -5*q + 439. Suppose -d - q = -f, -2*f + 2*d - 3*d + 161 = 0. What is the tens digit of f?
8
Let k(c) = 30*c - 23. Let f be k(11). Suppose -5*g = 2*a - 6*a + 370, f = -4*g + a. Let x = g + 131. What is the units digit of x?
3
Suppose 1404741 + 251459 = 100*d. What is the thousands digit of d?
6
Let v = 76 + -66. What is the tens digit of (1/5)/(-1) + 1112/v?
1
Let x = -1387 - -211. Let w = -450 - x. What is the hundreds digit of w?
7
Let f(a) = 10*a - 68. Let q be f(7). Suppose q*t = -4*j + 1204, -2*j + 6*j = 3*t + 1214. What is the tens digit of j?
0
What is the thousands digit of (-12 - -14) + 21056 + 22?
1
Let a(v) = -v**3 - 11*v**2 + v + 15. Let c be a(-11). Suppose -c*p + 2*r + 1004 = 5*r, -20 = 5*r. What is the hundreds digit of p?
2
Let b(s) = 7*s**2 - 20*s + 3350. What is the hundreds digit of b(47)?
8
Let w be 1*((10 - 3) + -4). Let x be 533/w + (-3)/(-9). Suppose 0 = 8*k - x - 158. What is the units digit of k?
2
Let l = 300 - 175. Let y = l - -325. What is the tens digit of y?
5
Let g = -34657 + 50453. What is the ten thousands digit of g?
1
Let g be ((-20)/(-3))/(2/3). Let t be (1116/(-90))/((-4)/g). Suppose -3*z + 137 = -t. What is the units digit of z?
6
Let s(u) = -14*u**2 + u - 74. Let k(x) = -5*x**2 - 25. Let o(j) = 8*k(j) - 3*s(j). Let t(i) = 6*i. Let d be t(-1). What is the units digit of o(d)?
2
Let u(b) = 12*b. Let a be u(3). Let t be 2/3 + 12/a. What is the tens digit of 2140/80 + ((-10)/(-8) - t)?
2
Let t(n) = 16*n**3 - 6*n**2 - n - 15. Let a(i) = -5*i**3 + 2*i**2 + 5. Let r(s) = -14*a(s) - 4*t(s). What is the hundreds digit of r(4)?
3
Let k = -73 + 71. Let n be k*28/12*(-18)/21. Suppose 0 = -n*g + 280 + 72. What is the units digit of g?
8
Suppose 58 = 8*q - 22. Suppose q*g - 11*g = -401. What is the hundreds digit of g?
4
Suppose 5*h = 3*f - 2*f + 307, -2*f = 3*h + 627. Let a = 537 + f. What is the tens digit of a?
2
What is the tens digit of (-4 - -10)*18977/21 - -4?
2
Let x = 23324 + -19856. What is the tens digit of x?
6
Let d = -460 - -445. What is the units digit of d*(6 - 700/15)?
0
Let h(m) = 2*m + 33. Let x(i) = -2*i - 33. Let w(n) = 7*h(n) + 6*x(n). Let z be w(-16). Suppose -3*f + z + 104 = 0. What is the units digit of f?
5
Suppose 0 = 4*c - 3*t + 517, -4*t - 623 = -0*c + 5*c. Let x = c + 403. What is the tens digit of x?
7
Suppose -3*s - 5*n - 201 = -5*s, -n = -4*s + 429. Suppose d - s + 107 = 0. What is the units digit of d?
1
Let j be -2*-1*(-366)/12. Let m be -16 + 15 + (-2 - j). Suppose -c + m + 57 = 4*n, -c - 2*n + 107 = 0. What is the tens digit of c?
9
Let z = 907 - 516. Suppose -741 = -99*x + 1140. Suppose 0 = 3*n + x - z. What is the tens digit of n?
2
Let m(d) = -8*d + 36. Let k be m(14). Let c = k - -76. Suppose 5*h - 22 - 668 = c. What is the tens digit of h?
3
Suppose -2*o = -332 + 328. What is the tens digit of ((-650)/(-100))/(o/464)?
0
Suppose 10*u - 32 = 6*u. Let g(c) = 5 - 3 + 5*c - u*c - c. What is the units digit of g(-4)?
8
Let q(c) = 6*c + 3. Let p = 117 + -118. Let g be q(p). Let s(m) = 7*m**2 - 8*m - 3. What is the tens digit of s(g)?
8
Let d be 2*(-3)/7*(-42)/4. Let u be d/(-6)*(-1 + 1/(-3)). Suppose -u*i = -3*i + 116. What is the units digit of i?
6
What is the ten thousands digit of 21 - 4*77519/(-26)?
1
Let m(n) = 3*n + 6. Let b be m(1). Let y(k) = -224*k**3 + 15*k**2 + b*k + 7 + 9*k + 225*k**3. What is the units digit of y(-7)?
3
Suppose -524549 = -21*y - 21*y + 5*y. What is the tens digit of y?
7
Let r = -13 + 328. Suppose -7*x + r = -567. Suppose 0 = -5*s + 881 - x. What is the tens digit of s?
5
Let g = -157 - -182. Suppose -3624 = -g*u + 19*u. What is the tens digit of u?
0
Let p(v) = 2*v - 12. Let o be p(11). Suppose 3*z - 5*q + 28 + o = 0, 2*z + 34 = -q. What is the tens digit of (-272)/z*(2 - 1)?
1
What is the hundreds digit of (2 + (-50049)/(-2))*3*(-22)/(-33)?
0
Suppose -916 = -2*f + 2506. Let v = -672 + f. Suppose 13*b = 378 + v. What is the hundreds digit of b?
1
Let b(i) = -2*i - 5. Let g be b(-4). Suppose 3*v - 2*m - 62 = 0, 1 = m - 4. Suppose z = -g*c + v, 0*z = -3*z - c + 80. What is the tens digit of z?
2
Suppose 7*n = -26*n + 12375. Let q = n + -246. What is the hundreds digit of q?
1
Suppose 6*d = -5*o + 18*d + 84622, 4*o - 67693 = 5*d. What is the tens digit of o?
2
Suppose d = -b + 432, 4*b + 5*d - 1726 = -0*d. Suppose 3*g - 1424 = -b. What is the units digit of g?
0
Suppose 18937 + 11051 = -144*j + 151*j. What is the units digit of j?
4
Let n(u) be the third derivative of -u**4/24 + u**3 - 14*u**2. Let s be n(3). Suppose 0 = s*c + 19 - 91. What is the units digit of c?
4
Let c = -39 + 58. Let g(r) = -13 + 34 - c + 70*r. What is the hundreds digit of g(2)?
1
Suppose -175869 = -10*n - 54568 + 109949. What is the thousands digit of n?
3
Suppose -7828*u - 1657986 = -7850*u. What is the tens digit of u?
6
What is the hundreds digit of 10/2 + (-12)/4 + 14238 + -4?
2
Let n(a) = a**2. Let x be n(-2). Suppose -2*c - v = 17, -v - x + 1 = 0. What is the units digit of c/(14/(-30)) + 0?
5
Let c = -379 - -1146. What is the tens digit of c*8/(15 - 7)?
6
Let i = 4663 + -3550. What is the units digit of i?
3
Let n(d) = -d**2 - 9*d + 4. Let l be n(-9). Suppose 7*k = l*k + 171. Suppose -k = -a - 4*m, 3*a - 84 = a - 2*m. What i